729 and 27?
27
What is the greatest common factor of 93219 and 345?
69
What is the greatest common factor of 345 and 133653?
69
What is the highest common divisor of 12 and 298836?
12
Calculate the highest common factor of 203 and 32.
1
Calculate the greatest common factor of 1514 and 145.
1
What is the greatest common divisor of 69 and 2712873?
69
What is the greatest common divisor of 11 and 107173?
11
What is the highest common divisor of 5775 and 10?
5
What is the greatest common divisor of 43105 and 148?
37
Calculate the highest common divisor of 2800 and 170600.
200
Calculate the greatest common divisor of 553 and 97249.
79
What is the greatest common divisor of 24983 and 14525?
581
What is the greatest common factor of 14 and 2305898?
14
Calculate the highest common divisor of 12716 and 4301.
187
What is the greatest common divisor of 5891 and 301?
43
What is the highest common factor of 1340 and 27340?
20
What is the highest common factor of 13 and 3505333?
13
What is the highest common factor of 21634 and 18277?
373
Calculate the highest common factor of 17708 and 380.
76
Calculate the greatest common divisor of 222 and 86358.
222
What is the highest common factor of 477231 and 2935?
587
What is the highest common divisor of 624045 and 60?
15
Calculate the greatest common factor of 637 and 4018.
49
What is the greatest common divisor of 13218 and 726?
6
Calculate the highest common factor of 36386 and 6808.
46
Calculate the greatest common divisor of 15912 and 1131741.
1989
What is the highest common factor of 322 and 537418?
322
What is the highest common factor of 12954 and 2286?
762
Calculate the greatest common divisor of 10890 and 64350.
990
What is the highest common factor of 986 and 1717?
17
Calculate the greatest common divisor of 18 and 184617.
9
What is the greatest common divisor of 56321 and 17?
17
Calculate the greatest common divisor of 360 and 113610.
30
What is the highest common factor of 4321 and 406?
29
What is the greatest common divisor of 437283 and 308?
77
Calculate the greatest common divisor of 44 and 12914.
22
Calculate the greatest common factor of 1322 and 10275906.
1322
What is the highest common factor of 39564 and 1092?
84
Calculate the greatest common factor of 259 and 167573.
259
What is the highest common divisor of 73389 and 1734?
51
Calculate the highest common factor of 93810 and 10325.
295
Calculate the greatest common factor of 447 and 1430549.
149
What is the highest common factor of 56934 and 54?
18
Calculate the greatest common factor of 880 and 125510.
110
Calculate the highest common divisor of 3180 and 12180.
60
Calculate the highest common factor of 4427 and 7961.
19
What is the highest common divisor of 96268 and 492?
164
What is the greatest common factor of 1928 and 129658?
482
What is the greatest common divisor of 3 and 1813398?
3
What is the greatest common divisor of 134 and 1183153?
67
Calculate the highest common divisor of 1085 and 202678.
217
Calculate the highest common factor of 680 and 17867.
17
Calculate the highest common divisor of 25 and 5119800.
25
Calculate the highest common factor of 33284 and 212.
212
What is the highest common factor of 84 and 43620?
12
What is the greatest common divisor of 30799 and 2261?
19
Calculate the highest common divisor of 9972 and 108.
36
What is the greatest common factor of 20454 and 126?
42
What is the highest common factor of 7120 and 8240?
80
Calculate the highest common divisor of 81 and 199785.
3
What is the highest common factor of 5917 and 164609?
97
Calculate the highest common factor of 655 and 18209.
131
What is the greatest common divisor of 156948 and 132?
132
What is the greatest common divisor of 95090 and 37?
37
Calculate the greatest common factor of 26 and 5072.
2
Calculate the highest common divisor of 3 and 132127.
1
Calculate the greatest common divisor of 51901 and 639.
71
What is the greatest common factor of 3423 and 495194?
1141
What is the highest common divisor of 793 and 53375?
61
What is the highest common factor of 499890 and 15?
15
Calculate the greatest common factor of 47633 and 3519.
23
Calculate the greatest common divisor of 759 and 37306.
23
Calculate the highest common divisor of 16024 and 128.
8
What is the greatest common divisor of 187209 and 1705?
341
What is the highest common divisor of 7840 and 30110?
10
Calculate the highest common factor of 85122 and 36.
18
What is the greatest common divisor of 2064 and 61791?
129
Calculate the greatest common divisor of 1952 and 1281.
61
Calculate the greatest common factor of 165591 and 27.
27
What is the greatest common factor of 80275 and 5408?
169
Calculate the highest common factor of 2952 and 21564.
36
What is the greatest common divisor of 6 and 209673?
3
What is the highest common factor of 6664 and 113016?
136
Calculate the highest common divisor of 7786870 and 903.
301
What is the greatest common divisor of 42 and 61586?
14
What is the greatest common divisor of 69 and 293457?
69
Calculate the highest common divisor of 3920 and 1064.
56
What is the greatest common factor of 1709 and 1?
1
Calculate the highest common divisor of 297 and 6588.
27
Calculate the greatest common factor of 17753 and 1517.
41
What is the greatest common divisor of 2215430 and 70?
70
Calculate the greatest common divisor of 154 and 4194806.
154
Calculate the highest common divisor of 135927 and 33.
33
What is the greatest common divisor of 13578 and 8468?
146
Calculate the highest common divisor of 776 and 1504.
8
Calculate the highest common divisor of 245 and 114415.
245
Calculate the highest common divisor of 969 and 654417.
57
What is the highest common factor of 43 and 3069211?
43
What is the greatest common divisor of 9 and 195024?
3
Calculate the highest common divisor of 299438 and 68.
34
Calculate the greatest common factor of 260 and 753805.
65
What is the greatest common factor of 33582 and 66392?
386
Calculate the highest common factor of 69384 and 4.
4
What is the highest common divisor of 160 and 184160?
160
Calculate the highest common divisor of 16675 and 176175.
725
What is the highest common divisor of 52030 and 119185?
605
What is the highest common factor of 88878 and 6?
6
Calculate the greatest common divisor of 77 and 30701.
11
Calculate the highest common divisor of 1826 and 88.
22
Calculate the highest common divisor of 23166 and 4862.
286
What is the highest common divisor of 6 and 6374?
2
What is the highest common divisor of 1408 and 341792?
352
Calculate the greatest common factor of 750 and 8490.
30
Calculate the highest common factor of 9 and 357687.
9
What is the greatest common factor of 280 and 214704?
56
What is the greatest common factor of 133195 and 85?
85
Calculate the greatest common divisor of 148 and 66859.
37
Calculate the greatest common divisor of 2044 and 183449.
511
What is the highest common factor of 81399 and 2?
1
What is the highest common divisor of 10217 and 323?
17
What is the greatest common factor of 385 and 83790?
35
Calculate the greatest common factor of 180 and 687690.
90
Calculate the highest common factor of 2709939 and 5556.
1389
Calculate the greatest common divisor of 2726 and 10498.
58
Calculate the highest common factor of 25 and 46080.
5
Calculate the highest common factor of 11327 and 2651.
241
Calculate the highest common factor of 154238 and 322.
322
Calculate the greatest common divisor of 5570 and 70.
10
What is the greatest common divisor of 1 and 21010?
1
What is the highest common divisor of 135 and 857?
1
What is the greatest common factor of 898994 and 136?
34
Calculate the highest common divisor of 1649 and 98261.
97
Calculate the highest common divisor of 25874 and 11934.
34
Calculate the greatest common divisor of 4236130 and 370.
370
Calculate the greatest common factor of 70026 and 330.
66
Calculate the highest common divisor of 4089 and 4698.
87
Calculate the greatest common divisor of 267 and 62.
1
Calculate the highest common factor of 15 and 81255.
15
Calculate the highest common factor of 6853 and 2629.
11
What is the highest common factor of 33332 and 364?
52
Calculate the greatest common factor of 158300 and 100.
100
Calculate the greatest common divisor of 32088 and 210.
42
Cal